t is the units digit of k?
4
What is the units digit of -2 + (-39)/(-18) - (-833)/6?
9
Suppose -28*b + 22306 = -11210. What is the hundreds digit of b?
1
Let c(k) = -18*k**2 - 4*k. Let v be c(6). What is the units digit of 2/11 - v/176?
4
Suppose -5*o - k + 6674 = 0, 5*o + 3*k - 1032 = 5650. What is the tens digit of o?
3
Suppose 3436 = 4*w + 4*f, 4*w - 3518 = -5*f - 84. What is the units digit of w?
1
Let w = 101 + -101. Suppose -5*q + 10 = -0. What is the units digit of q*(w + 3 - -5)?
6
Let m be (-1)/(-4 + 33/9). Suppose -4*p - 7 = 4*j - 35, 5*p - 51 = m*j. Let z(y) = 2*y - 10. What is the units digit of z(p)?
8
Let c be (-14)/(-21) - (-2)/(-3). Suppose c*z - 3*d = -3*z + 87, d = 0. Let s = -18 + z. What is the units digit of s?
1
Suppose -2*x - 5021 = -4*k + 1367, 7984 = 5*k - 3*x. What is the hundreds digit of k?
5
Let s(a) = -74*a**2 - 9*a + 10. Let y(j) = 15*j**2 + 2*j - 2. Let l(p) = 2*s(p) + 11*y(p). What is the tens digit of l(1)?
1
Suppose -5*x = -19 - 26. Let n be -2*x/(-12)*2. What is the tens digit of (n - 2)*(-43)/(-1)?
4
Let i(n) = 2*n**2 + 1. Suppose -6*q + q + w + 8 = 0, 5*w + 20 = 5*q. Let h be i(q). What is the units digit of ((-2)/2)/(h/(-57))?
9
Let l = 242 - 143. What is the tens digit of l?
9
Suppose 6*f = -3*f + f. Suppose 3*y + 2*u + 2*u - 195 = f, 0 = -5*y + 3*u + 354. What is the tens digit of y?
6
Let h(f) = 3*f**3 - 17*f**2 + 5*f - 18. What is the units digit of h(9)?
7
Let m = 8 - 12. Let g be -4 + (-628)/(m + 0). Suppose 6*l - g = 3*l. What is the tens digit of l?
5
Let p(c) = 5 + 6 - 7 + c. Let v be p(-2). Suppose 2*t + v = 6. What is the units digit of t?
2
Suppose -5*h + 5*i - 5 = 0, 0*h - 4*h + 5*i - 8 = 0. Let d(c) = -c + 1 - 2 + 7. What is the units digit of d(h)?
3
Let h(z) = -2*z - 6. Let m be h(-2). Let l = m - -4. What is the units digit of l/(-4)*742/(-7)?
3
Let u be (-3 + -1)/(40/(-300)). What is the units digit of 1308/u - (-6)/15?
4
Let i(w) = -w**3 + w + 586. What is the hundreds digit of i(0)?
5
Suppose 0 = -5*z - 2*b + 6*b + 12, -4*z - 15 = 5*b. Suppose -2*g - y + 6 = z, -3*g - 2*y + 6 = y. What is the tens digit of ((-245)/(-14))/(2/g)?
3
Let p be 12 + -14 - 3*(-2 + 1). What is the tens digit of 3 + -29*(2 - 4 - p)?
9
Suppose -511 = -3*m + 344. What is the units digit of m?
5
Suppose -141 = w + y - 2*y, -4*w = 4*y + 604. Let r = -83 - w. What is the tens digit of r?
6
Let j = -182 - -309. What is the units digit of j?
7
Let r be (1/3)/(7/(-1743)). Let z(v) = -7*v - 6. Let s be z(7). Let u = s - r. What is the tens digit of u?
2
Suppose -55 = 7*w - 2*w. Let u be (-46)/w + (-6)/33. Suppose -v + 105 = u*v. What is the units digit of v?
1
Let o(s) = 30*s**3 - 60*s**3 + 0*s + 31*s**3 - 5*s + 2 + 4*s**2. Let m(p) = -3*p**2 + 2*p + 1. Let n be m(-1). What is the tens digit of o(n)?
2
Suppose 0 = -48*d + 4754 + 12958. What is the units digit of d?
9
Suppose -15*h - 39615 = -34*h. What is the units digit of h?
5
Let p be (-2)/(1*3/(-6)). Suppose 121*x = 125*x - 1120. Suppose -x = p*m - 8*m. What is the tens digit of m?
7
Let t(k) = 8 + 7 - 3*k - 2 + 5*k. Let b be t(11). Let q = b + -17. What is the tens digit of q?
1
Let r = 727 - 193. What is the hundreds digit of r?
5
Suppose -3*u = -6*u + 45. Let b = -78 + 80. Suppose 5*s = -u, 2*l - 59 = -s + b*s. What is the units digit of l?
8
Suppose 3*f = 3 + 3. Let j be 1 + (f/(-1) - -1). Suppose -46 = -2*r - j. What is the units digit of r?
3
Let f be 15*(-2)/4*12. Let t be (-4)/(6*4/f). Suppose 4*u = 61 + t. What is the tens digit of u?
1
Let v be 38*30/(-16) - 3/4. Let x = v + 202. What is the units digit of x?
0
Let i(l) = -l**2 - 5*l + 4. Let k(b) = b**3 - 4*b**2 - 16*b + 11. Let s(c) = -7*i(c) + 2*k(c). What is the units digit of s(4)?
8
Let h(c) = c**3 - 10*c**2 + 2*c + 12. Let a be h(10). Let z be 3 - 2 - a*2. What is the units digit of (21/z)/(2/(-204))?
4
Suppose -122*n + 80*n = -64890. What is the units digit of n?
5
Let o(h) = -12*h - 2. Let k be o(1). Let q = -14 - k. Suppose q*x - 4*x + 108 = 0. What is the units digit of x?
7
Let p(o) = 60*o**2 - 2*o + 1. What is the tens digit of p(1)?
5
Suppose 4*q + 8504 = 2*l, l - 1544 = -2*q + 2728. What is the units digit of l?
2
Suppose -4*n + 14*n - 1180 = 0. Suppose -2*j = 2*v - n, 4*v - 140 = -2*j - 12. What is the units digit of j?
4
Let q(w) = 6*w - 29. Let f(n) = 5*n**3 - 5*n**2 - n + 2. Let o be f(2). What is the tens digit of q(o)?
9
Let c(m) = m**3 + 21*m**2 - 15*m - 8. What is the units digit of c(-21)?
7
Let u = 436 + -381. What is the tens digit of u?
5
Let g = 18 - 16. Suppose -2*p - p + 81 = -g*l, 0 = 5*l - 2*p + 186. Let r = -20 - l. What is the tens digit of r?
1
Let m(u) = 7*u - 22. Let w be m(4). Suppose -w - 83 = -g. What is the units digit of g?
9
Suppose 2*b + 5*g + 82 = 0, -7*b + 3*g = -3*b + 216. Let t = b + 76. What is the tens digit of t?
2
Let r = 4 + -130. Let o be (2/(-7))/(18/r). Suppose 2 = -o*n, 3*v + 0*v - 2*n - 56 = 0. What is the tens digit of v?
1
Suppose -2*d = -6*d + 4. What is the tens digit of d/(8/148*2/24)?
2
Suppose -24*i + 35934 = -4218. What is the hundreds digit of i?
6
Suppose 3*z = -5*n + 968, -5*z = n - 1729 + 123. What is the units digit of z?
1
What is the tens digit of 751 + -25 - (0/1 - -4)?
2
What is the hundreds digit of -10*159/(-6)*1 - 3?
2
Suppose -78 = 3*t + 5*g + 187, 5*t + 451 = g. Let p = t - -130. What is the tens digit of (-3 - 0) + 1 + p?
3
What is the thousands digit of 1711 - 9/54*(3 + -3)?
1
Let r(j) = j**3 + 20*j**2 + j - 27. What is the tens digit of r(-11)?
5
What is the units digit of 4441 - (-6 - 3)/(-1)?
2
Suppose -r - 4*v = 103, 0*r + 2*r + v + 213 = 0. Let c = r + 158. What is the tens digit of c?
5
What is the tens digit of (-35 - -4150) + -11 + 0?
0
Suppose 2*y - 127 = 123. What is the hundreds digit of y?
1
Let c(b) = 4*b + 22. Let h(v) = 5*v - 9. Let p be h(5). What is the units digit of c(p)?
6
Let u be (-60)/15 - (-1)/1. What is the units digit of 49 + -5 - u/3?
5
Let q(h) = 2*h - 20. Let j be q(10). Let v be (296/8)/(1 + j). Suppose -g - 14 = -v. What is the tens digit of g?
2
Suppose x - h - 4*h = 35, 4*x - 55 = 3*h. Let d(w) = -w**2 + 10*w + 5. Let k be d(x). What is the units digit of 2/k + (-53)/(-5)?
1
Let z(k) = 2*k - 11. Let q be z(9). Let d = 0 + q. Suppose -h + d = -25. What is the units digit of h?
2
Let u(t) = -t**3 + 10*t**2 + 3. Let i be u(9). Suppose 2*b + i = -2*b - r, -3*r = -5*b - 88. Let c = 39 + b. What is the tens digit of c?
1
Let w(l) = -l**2 - 52*l - 21. Let y be w(-33). Let t = y - 335. What is the tens digit of t?
7
Let r be 3 + (-5)/((-15)/126). Let s be (-4)/5*r/(-18). Suppose -4*w - 25 = -x, -3*x - s*w + 6 = -13. What is the units digit of x?
9
Let a be 6/4*(-3 - -1). Let t be 0/(9/a) - -80. Suppose 5*i - 60 = t. What is the tens digit of i?
2
Let w = 16 - 25. Let r = w - -59. What is the tens digit of r?
5
Suppose -3*x - w = -3166, 5*w - 2017 = -2*x + 98. What is the hundreds digit of x?
0
Let c(t) = -t**3 + t**2 - 23*t + 1724. What is the units digit of c(0)?
4
Suppose 18*x - 16 = 16*x. Suppose -3*a + 5*o + 1 = -3, -x = -3*a + 4*o. What is the units digit of a?
8
Let u be (-1 - (-3)/2)/(40/400). Suppose 2*t = -u*g + 513, 2*t - 510 = -4*g - 0*g. What is the units digit of t?
9
Suppose 0 = -59*f + 58*f + 1392. What is the hundreds digit of f?
3
Let h(n) = n**3 - 3*n**2 - 4*n. Let c be h(4). Suppose -2*p + 4*d + 182 = c, -4*p - 3*d + 364 = -8*d. What is the units digit of p?
1
What is the units digit of (4/10)/(12/120) + 5314?
8
Let b = -55 - -43. Let f = 9 - b. What is the units digit of f?
1
Suppose 0 = -4*f - j + 617, -7*j = 3*f - 3*j - 453. Suppose 2*l + 3*c = -0*c + 314, -2*c = l - f. What is the units digit of l?
3
What is the tens digit of 1725650/475 + (-1)/(-19)?
3
Suppose -5*x - 632 = -4*n - 5831, -3120 = -3*x + 3*n. What is the tens digit of x?
3
Suppose 2*d - 4*h = -0*d + 228, 0 = 3*d - 3*h - 354. What is the units digit of d?
2
Let m(t) = -3*t + 1. Let r be m(7). Let j(n) = n**3 + 20*n**2 - n - 8. What is the units digit of j(r)?
2
Let p(a) = a**3 - 3*a**2 - 3*a. Let f be p(4). Suppose -57 = -f*y + 3*w, y - 8 = -w + 1. What is the units digit of 2/y - 44/(-24)?
2
Suppose -2*g = 2*y - 10, -2*g - 6*y + 16 = -y. Suppose -g = 5*o - 2*o. What is the units digit of o/(-2) - 330/(-12)?
8
